Select a Year or Month report
Report for 2017 Oct
MONTHLY CLIMATOLOGICAL SUMMARY for JUL. 2016
NAME: Mohos Weather Station CITY: Mohos STATE: Greece
ELEV: 420 m LAT: 35 06' 00" N LONG: 25 06' 00" E
TEMPERATURE (C), RAIN (mm), WIND SPEED (km/hr)
HEAT COOL AVG
MEAN DEG DEG WIND DOM
DAY TEMP HIGH TIME LOW TIME DAYS DAYS RAIN SPEED HIGH TIME DIR
------------------------------------------------------------------------------------
1 24.5 27.9 14:00 19.8 3:10 0.0 6.2 0.0 5.8 27.4 14:50 NNW
2 25.1 28.3 13:10 20.6 2:00 0.0 6.8 0.0 6.4 32.2 14:10 WNW
3 25.1 28.3 12:20 20.9 5:20 0.0 6.8 0.0 6.3 30.6 17:30 NNW
4 23.7 25.9 15:10 21.2 5:10 0.0 5.4 0.0 11.3 43.5 13:30 WNW
5 23.6 25.6 17:10 22.1 6:00 0.0 5.2 0.0 10.6 40.2 13:00 WNW
6 23.7 26.4 13:40 21.3 2:40 0.0 5.4 0.0 6.6 33.8 14:50 WNW
7 23.7 26.8 13:30 20.0 5:10 0.0 5.4 0.0 9.0 40.2 17:00 WNW
8 23.4 25.9 14:30 21.5 00:00 0.0 5.1 0.0 12.6 41.8 2:10 WNW
9 22.4 25.2 14:10 18.7 6:40 0.0 4.1 0.0 8.7 35.4 13:50 WNW
10 22.7 26.2 15:30 18.7 4:40 0.0 4.4 0.0 6.3 30.6 15:30 WNW
11 23.1 26.1 15:00 19.8 3:50 0.0 4.8 0.0 6.9 29.0 13:20 WNW
12 22.3 25.2 17:50 18.8 5:20 0.0 4.0 0.0 5.6 22.5 11:50 NNW
13 22.9 26.9 10:50 17.8 6:10 0.0 4.6 0.0 4.3 29.0 11:20 NNW
14 25.3 29.8 15:00 19.4 5:20 0.0 7.0 0.0 4.0 24.1 12:00 SW
15 27.5 32.7 18:30 21.7 2:30 0.0 9.2 0.0 3.7 20.9 12:00 ESE
16 25.0 27.8 8:20 21.5 23:50 0.0 6.7 0.0 6.3 27.4 11:00 NNW
17 23.0 26.7 12:40 19.7 2:00 0.0 4.7 0.0 8.7 32.2 9:50 WNW
18 22.8 26.2 15:10 18.9 4:20 0.0 4.5 0.0 7.2 37.0 14:00 WNW
19 22.5 24.9 12:00 20.8 0:10 0.0 4.2 0.0 13.5 48.3 15:10 WNW
20 22.5 24.7 14:20 21.0 6:40 0.0 4.2 0.0 10.6 32.2 15:50 WNW
21 22.2 24.8 15:00 19.8 23:40 0.0 3.8 0.0 11.6 35.4 11:00 WNW
22 22.6 26.6 14:40 18.4 5:00 0.0 4.3 0.0 6.0 27.4 12:50 WNW
23 23.5 27.1 13:20 19.1 5:50 0.0 5.2 0.0 5.3 25.7 13:30 NNW
24 24.7 28.8 15:10 20.7 2:30 0.0 6.4 0.0 7.6 29.0 14:50 WNW
25 24.2 27.5 14:10 21.3 2:00 0.0 5.9 0.0 7.9 33.8 11:30 WNW
26 23.6 26.4 11:30 19.9 3:10 0.0 5.3 0.0 6.8 30.6 11:40 WNW
27 23.8 26.9 14:00 20.4 5:30 0.0 5.5 0.0 7.2 29.0 14:10 WNW
28 23.8 26.8 14:20 20.6 6:10 0.0 5.5 0.0 8.0 35.4 14:30 WNW
29 24.2 27.3 14:00 20.6 6:50 0.0 5.9 0.0 7.6 35.4 15:50 WNW
30 24.8 27.4 15:10 21.6 1:10 0.0 6.5 0.0 9.7 37.0 10:10 WNW
31 24.8 26.9 15:50 22.2 00:00 0.0 6.5 0.0 9.5 32.2 12:00 WNW
-------------------------------------------------------------------------------------
23.8 32.7 15 17.8 13 0.0 169.7 0.0 7.8 48.3 19 WNW
Max >= 32.0: 1
Max <= 0.0: 0
Min <= 0.0: 0
Min <= -18.0: 0
Max Rain: 0.00 ON 01/07/16
Days of Rain: 0 (> .2 mm) 0 (> 2 mm) 0 (> 20 mm)
Heat Base: 18.3 Cool Base: 18.3 Method: Integration